 s(p) = b*w(p) + j*x(p). What is s(0)?
2
Let s(o) be the third derivative of o**4/6 - o**3/2 - 9*o**2. Determine s(2).
5
Let w(x) = -x**2 + 8*x - 7. Let b be w(8). Let y(s) = 2*s + 5. Calculate y(b).
-9
Let l(w) be the first derivative of 1/3*w**3 + 2 + 0*w + 1/4*w**4 - 1/2*w**2. Suppose 0 = -5*j + j - 8. Determine l(j).
-2
Suppose 5*o - 2*s = -0*s - 3, -5*o + s - 4 = 0. Let a(j) = -4*j**2 + 1. What is a(o)?
-3
Let k(l) = l**3 + l**2 - l. Let g(s) = s + 15. Let o be g(-8). Let c = o - 6. Suppose -x - 3*x + c = -3*d, -5*d = 5*x + 25. What is k(x)?
-2
Let s(u) = -u**2 - 3. Suppose 5*y - y + 64 = 3*g, -2*y + 72 = 5*g. Suppose 0 = -2*b + 6*b + g. Determine s(b).
-19
Suppose 3*j + 4 = 4*l, l + 2 = -4*j + 3. Let k(q) = -8*q**3 + 2*q**2 - 2*q + 1. Calculate k(l).
-7
Let v be (-5)/(9/(-6) + 1). Let t = -7 + v. Let g(o) = o**2 - o - 2. Determine g(t).
4
Let b = -21 + 21. Let g(s) be the third derivative of -1/60*s**5 + 0*s - 1/12*s**4 + b - 2*s**2 - 1/6*s**3. Calculate g(-2).
-1
Suppose -8*q + 5*q = 0. Suppose q*v - 5*v = 25. Let o(i) = -i - 1. Calculate o(v).
4
Let t(j) = -9*j**3 - 19*j**2 - 15*j - 13. Let v(c) = 5*c**3 + 10*c**2 + 8*c + 7. Let i(q) = 4*t(q) + 7*v(q). Give i(-5).
-8
Let n(w) = -w**2 - 5*w - 5. Suppose 71 = -5*y - 3*h, -2*y + 5 = 4*h + 39. Let p(o) = -o**2 - 13*o - 5. Let i be p(y). Determine n(i).
-5
Let w(h) = 15 - 6 - h - 4 - 6. Determine w(-6).
5
Let g(y) = 5*y**2 - y. Let n = -15 + 14. What is g(n)?
6
Let p(r) = -2*r + 81*r**3 + 0 + 1 + 6*r**2 - 38*r**3 - 44*r**3. Give p(5).
16
Let u(o) = -o**3 - 7*o**2 + 7*o - 2. Let b(h) = 2*h**3 + 14*h**2 - 15*h + 5. Let g(x) = 3*b(x) + 5*u(x). What is g(-8)?
21
Let f(i) = -7*i**3 - 3*i**3 + 0*i**2 + 0 - 1 + i**2. Determine f(-1).
10
Suppose -2*y + y + 4 = 0. Let r(m) be the third derivative of m**6/120 - m**5/12 + m**4/6 - m**3/3 + m**2. Determine r(y).
-2
Suppose -3*h = 3*k - 9, 0 + 9 = -h + 2*k. Let b be 0/(0 - (-2)/(-2)). Let w(j) = -8*j**3 + 6*j + 1 + b*j - j - 4*j. Determine w(h).
8
Let s(t) = 6*t**3 + 2*t**2 - t. Let o be s(1). Suppose o*v - 10 = 2*v. Let m(w) = 2*w**2 - w**3 + 2*w**2 - 5*w + v*w. Calculate m(2).
2
Let k(x) = -x + 1. Let i(p) = 7*p - 3. Let w(f) = -i(f) - 5*k(f). Suppose -6 = -4*b + b. Determine w(b).
-6
Let w(a) = -a**2 + 8*a - 7. Let p(c) = -c**3 - 8*c**2 - 7*c + 3. Let v be p(-7). Suppose d + v*d = 24. Determine w(d).
5
Let b(u) = u**3 + u**2 - 6. Suppose -2*w + 4*w = 0. Give b(w).
-6
Let o(b) = b**2 + 8*b + 2. Let x = -62 - -55. Calculate o(x).
-5
Let c(x) = -5 - x**3 + 1 + 3*x - 76*x**2 + 75*x**2. Determine c(-3).
5
Let l(a) = a**2 + 3*a - 6. Let t be l(-5). Suppose 4*v + t = 4*x, x + 8 = 3*v + 3. Let c = 1 - x. Let g(i) = -2*i - 4. Determine g(c).
2
Let l(s) be the first derivative of s**5/60 + 7*s**4/24 + 5*s**3/6 + 5*s**2/2 - 7. Let u(g) be the second derivative of l(g). Determine u(-5).
-5
Suppose -2*n = 3*n + 4*o - 50, -n + 1 = -o. Let d(j) = j**2 - 5*j + 7. Determine d(n).
13
Let b(t) be the second derivative of 1/6*t**3 + 0 + 2*t - 5/2*t**2. Suppose -5*x = -6*x. Calculate b(x).
-5
Suppose -5*b = -2*b + g - 11, -14 = -2*b - 2*g. Let d(o) = -8*o + 1. Give d(b).
-15
Let s(f) = 3*f**2 - 2*f - 7. Let z(q) = -5*q**2 + 5*q + 14. Let n(l) = -7*s(l) - 4*z(l). Calculate n(-5).
-2
Let y(q) = q**2 + 8*q - 9. Let l be y(-9). Let k(h) = l*h + 8*h - 9*h. Give k(1).
-1
Let p(k) = -k**3 + 16 + 13*k + 2*k + 5*k - 13*k**2 - 5*k. Determine p(-14).
2
Suppose -7*s - 56 = s. Let b(z) = z**2 + 5*z + 2. Give b(s).
16
Suppose -5*i + 4*x - 34 = 0, -6*i + 4*x = -4*i + 16. Let s(t) = t**2 + 7*t + 4. What is s(i)?
-2
Let m be 3 - 3/3 - 2. Let p = -3 + 4. Let k(i) = -2*i + m*i - 5*i - p - i. Calculate k(-1).
7
Let j(x) = -x**3 - 3*x**2 + x - 5. Suppose -3 = 3*q + 9. Give j(q).
7
Let g(m) = 4*m + 4*m**2 + 3 - 5*m**2 + 2*m - m. Determine g(6).
-3
Suppose -3*r = -10 - 17. Suppose -5*q - r = -3*n, 3*n + 2*q - 10 + 1 = 0. Let g(y) = -3 + 2*y**2 - 2 - n*y**3 + 4. Determine g(-1).
4
Suppose 0 = 5*z - 6*z + 1. Suppose 2*h = 3 - z. Let u(r) = -2 + 1 + 4*r + 3*r. Determine u(h).
6
Let g(x) be the first derivative of -x**3/3 + 5*x**2/2 - 3*x + 49. Determine g(4).
1
Let y(x) = x**2 - 8. Suppose -2*b = 2*b + 4*q, 3*b = -5*q - 8. Suppose -10 = 3*v + 5*k, -8 = 2*v - 3*v + b*k. Determine y(v).
-8
Let i be (-3)/2*(-42)/9. Let r(l) = -i*l - 4*l**2 + 2*l - 1 + 5*l**2. Let o(h) = -5*h - 34. Let x be o(-8). Determine r(x).
5
Let o(h) = 7*h**2 + 11*h**3 - 4*h**3 - 7*h - 8*h**3. Calculate o(6).
-6
Let i = 0 + -1. Let u(a) = 52 - 6*a - 31 - 21. Calculate u(i).
6
Let h(b) = 2*b**2 + 3*b + 2. Suppose 2*y + 3*y - 105 = 4*v, 5*v + 4*y = -80. Let m be ((-3)/(-6))/(2/v). Let x = m + 3. Calculate h(x).
4
Let v(s) = -2*s - 19. Let f(d) = d + 9. Let q(n) = 13*f(n) + 6*v(n). What is q(-6)?
-3
Let z(k) = 3*k**3 - 6*k - 4*k**3 + 5*k - 5*k**2. Let m be z(-5). Suppose 0*h = h - m. Let d(r) = -r**3 + 6*r**2 - 6*r + 6. What is d(h)?
1
Let d(t) = -t**3 + 3*t**2 - t. Let n(s) = -2*s**3 + 7*s**2 - 3*s. Let a(b) = 5*d(b) - 2*n(b). Let r(p) be the second derivative of a(p). Calculate r(2).
-10
Let m(p) = -p + 0*p + 4*p**2 - 1 + 2*p + 0*p. Give m(1).
4
Suppose -4*i - 6 = -5*i. Suppose 24 = 3*n + i. Let m(x) = -x**3 + 6*x**2 - 6. What is m(n)?
-6
Let w(j) = 3*j**2 + 28*j + 34. Let a = 9 + -4. Let f(t) = 2*t**2 + 19*t + 23. Let z(h) = a*w(h) - 7*f(h). Let y(b) = 7*b + 36. Let u be y(-6). What is z(u)?
3
Suppose t + 4 - 5 = 0. Let w(c) = c - 7. Let g(m) = 2*m - 11. Let r(a) = 5*g(a) - 8*w(a). What is r(t)?
3
Let t = 7 + -4. Suppose -m - 8 = -0*m + 2*o, 0 = 3*m - 2*o - 16. Let r(v) = v**m + 5 + 3 - 2*v - 6. Give r(t).
5
Let d(q) = 1 - 3*q + 3*q + q. Suppose -3*s = -3*y - 24, s = -3*y + y + 2. Let k(z) = 10*z + 8. Let i(l) = s*d(l) - k(l). Give i(-2).
6
Let s(w) be the third derivative of -w**7/1680 - w**6/720 + w**5/60 + 4*w**2. Let r(x) be the third derivative of s(x). Calculate r(-3).
8
Let o(u) be the first derivative of -5*u**3/6 + u**2/2 - u - 1. Let v(s) be the first derivative of o(s). Suppose -14*b + 20*b = -6. Calculate v(b).
6
Let r(a) = a**3 - 4*a**2 - 4*a + 1. Let l(o) = -3*o**3 + 0 + 11*o**2 - 4*o**2 - 1 + 4*o + 4*o. Let f(u) = -2*l(u) - 5*r(u). Determine f(-5).
2
Let h = 4 + -2. Let s be h/(-2) + (0 - -4). Let c(d) = 4*d - s*d - 2*d. What is c(-5)?
5
Let r(w) = -w**3 - 2*w**2 + 4*w. Let g be r(-3). Let m = 4 + g. Let x(t) = 3*t + t**2 - 2*t - 2*t + m + 2*t. Determine x(-3).
7
Let v(h) = -4 + 3 - 3*h**2 + 4*h**2 - 4*h**2 - 2*h - h**3. Give v(-2).
-1
Let v(q) be the first derivative of -q**3/3 - 2*q**2 - 2. What is v(-5)?
-5
Let z(p) = -p**3 - p**2 + p. Let n be z(-2). Let u(b) be the first derivative of -b + 2*b**2 + 1/3*b**3 + n. Determine u(-3).
-4
Let w(f) = -f**3 - 4 + 3*f + 5*f + 5*f**2 - 8*f. What is w(5)?
-4
Let m(b) = b**2 + 2 - 3 + 2. Let z be m(1). Suppose z*h + 7 + 1 = 0. Let s(d) = -d**3 - 5*d**2 - 4*d - 3. Give s(h).
-3
Let f(b) = -4*b - 4. Let n(l) = 6*l - 69. Let k be n(11). Determine f(k).
8
Suppose 7 = 6*m - 17. Let a(x) = x - 3. Give a(m).
1
Let u(t) = t**3 - 3*t**2 - t + 1 + 3*t**2. Let c be -7 + (1 + -5)/(-2). Let w(b) = -b**2 - 5*b. Let f be w(c). Give u(f).
1
Suppose 4*h - 30 = h + 3*m, -2*h = 5*m - 48. Suppose -h + 2 = -4*j. Let i(a) = a**3 - a**2 - 4*a - 1. What is i(j)?
5
Let u(h) = h**3 - 3*h**2 - 3*h - 9. Let m be u(4). Let n(w) = -w**3 - 5*w**2 + w + 2. Calculate n(m).
-3
Suppose -j = 11 - 5. Let d = 5 + 0. Let y(a) = a**3 - 2*a**2 + 12*a - 2. Let q(v) = v**3 - v**2 + 13*v - 2. Let l(h) = d*q(h) + j*y(h). Give l(6).
-4
Suppose 4*q - 5*u + 1 = 0, -3*u - 6 = -5*q - 4*u. Let d(t) = -22*t + 1. What is d(q)?
-21
Let h(w) = 9*w - 19. Let x(o) be the first derivative of 3*o**2/2 - 6*o - 9. Let n(b) = 2*h(b) - 7*x(b). Calculate n(3).
-5
Let y(u) = 4*u**3 - 1. Let w be y(1). Let f(n) = 1 - 1 + 2 + 2*n. Give f(w).
8
Let o(j) = j + 1. Let i(d) = -d + 2. Let p be i(6). Calculate o(p).
-3
Let z(i) be the first derivative of -i**2 + 4*i - 21. Determine z(3).
-2
Let q(i) = -6*i**2 + 9*i + 3. Let j(y) = y**2 - y. Let d(c) = -5*j(c) - q(c). What is d(5)?
2
Suppose -4*a - 2*x - 4 = -6, a - 2*x + 12 = 0. Let j(d) = -d**3 - 5*d**2 - 4*d - 3. Calculate j(a).
-7
Let z = 3 - 1. Let n(m) = m + 0*m - 1 - 12*m**3 + 11*m**3 - 2*m**z. Calculate n(-3).
5
Let q(k) be the second derivative of k**4/12 + k**3/6 + 2*k**2 + 4*k